et s(v) = -3*d(v) + f(v). Let j = 32 - 23. What is the units digit of s(j)?
5
Suppose 0 = 163*x - 159*x - 320. What is the tens digit of x?
8
Let c(s) = s**3 - 8*s**2 + 9*s + 9. Let u be c(7). Let x = -13 + u. What is the tens digit of x?
1
Let h = 26 - -61. What is the tens digit of h?
8
Let t be (-1)/(-2)*(-3 + 9). Let a(h) = -9*h**t - h**2 + h - h. What is the units digit of a(-1)?
8
Suppose 3*h + 3*c - 489 = 0, -c - 548 = -5*h + 249. What is the tens digit of h?
6
Suppose -i + 50 + 6 = 0. What is the units digit of i?
6
Suppose 2*r + 8 = 0, -2*g - r = -0*r. Suppose -5*p = -s - 0*s + 12, -g*p = 3*s - 19. What is the units digit of s?
7
Let o = 19 + -13. Let b = 13 - o. What is the units digit of b?
7
Let n(f) be the second derivative of -f + 1/4*f**4 + 1/2*f**3 + 0 + 1/2*f**2. What is the units digit of n(-2)?
7
Let a = -6 + 30. What is the units digit of a?
4
Let y(l) = -l**3 + 8*l**2 + 11*l + 13. Let x be y(9). Suppose 3*b - x = 149. Suppose 5*w = w + b. What is the units digit of w?
5
Let w(p) = -p**2 - p. Let i(x) = -10*x**2 - x. Let l(d) = -i(d) + 2*w(d). What is the units digit of l(1)?
7
Let o = -5 - -8. Let h = 10 - o. Let g = 11 - h. What is the units digit of g?
4
Let w(u) = u - 4. Let h(p) = -p + 5. Let x(k) = 2*h(k) + 3*w(k). Let c be x(5). Suppose 5*s + 0*v = -4*v + 34, 27 = 4*s + c*v. What is the units digit of s?
6
Suppose 2*o - 1 = -9. Let y(j) = -j - 1. Let b be y(o). Let d = 5 - b. What is the units digit of d?
2
Let t(j) = 2*j + 1. Let q be t(1). Suppose -p - f = 0, -p + 2*f - 1 = 4*f. Suppose -4*g + p = -q. What is the units digit of g?
1
Suppose -145 = -5*s - 0*s. What is the units digit of s?
9
Let n = -130 + 236. What is the units digit of n?
6
Suppose 4*x - 1009 = -l, 1037 - 58 = 4*x - 5*l. What is the hundreds digit of x?
2
Let f(z) = 5*z**3 - 5*z**2 + 21. Let d(g) = 4*g**3 - 4*g**2 + 22. Let b(y) = 4*d(y) - 3*f(y). What is the units digit of b(0)?
5
Let t(u) be the third derivative of -u**4/24 + u**3 + u**2. Let o be t(0). Suppose i = -0*i + o. What is the units digit of i?
6
Suppose 0 = 11*a - 7*a. What is the tens digit of a/3 + 1 + 16?
1
Suppose -6*a - 325 = -11*a. What is the units digit of a?
5
Suppose -4*b = -11*b + 469. What is the units digit of b?
7
Let z = -3 - -2. Let y be 9 - (z + -5)/3. Suppose k - 4*f + 10 - 44 = 0, -k - y = 5*f. What is the units digit of k?
4
Let o(v) = -3*v - 5. Let d = 3 + -9. What is the units digit of o(d)?
3
What is the units digit of 55/(-2)*12/(-10)?
3
Suppose 2*v + 3*h = 3, 2*h - 10 = -3*v + 3*h. Suppose 4*y - 5*p - 109 = 0, v*p = 3 + 6. What is the units digit of y?
1
Suppose -5*l + 486 = k, 5*k - 12 - 66 = -l. Suppose 8*o = -2*t + 3*o + l, -3*t = -5*o - 122. What is the units digit of t?
4
Suppose 4*q + 42 = l, 4*l + q - 149 = -2*q. What is the units digit of l?
8
Let i be 1/1 - -1 - 36. Let a = -22 - i. What is the tens digit of a?
1
Let s = -42 + 20. Let n = -8 - s. Suppose -13 = -a - 3*g, -4*a + 3*g = -23 - n. What is the tens digit of a?
1
Let j(x) = -x**3 - 3*x**2 + x - 4. What is the units digit of j(-4)?
8
Suppose 0 = -4*t - 8, -3*t + 22 = 4*l - 4*t. Let y = -4 + l. What is the units digit of 6 - (0 + 0 + y)?
5
Let j = 28 + -94. Let p = -131 - j. What is the tens digit of (-1)/4 + p/(-4)?
1
Let p = -12 - -17. Suppose 0 = -5*f - p + 25. What is the units digit of f?
4
What is the units digit of (14 - 2)*(-3)/(-6)?
6
What is the units digit of 1/(-5) - (1 - (-663)/(-15))?
3
Suppose 5*l = -2*i - 51, 2*i + 63 = -5*l + 6*i. Let k = l - -5. What is the units digit of 45/(-6)*8/k?
0
Let j = -35 + 53. What is the tens digit of j?
1
Let n(i) = -i**2 + 7*i - 4. What is the units digit of n(3)?
8
Let b = -1 + 6. Suppose -3*v - 11 = -b*y, 0 = 2*v + 3*v - 3*y - 3. What is the units digit of v?
3
Let s = -27 - -23. What is the tens digit of ((-4)/6)/(s/300)?
5
Suppose 0 = -4*g - 5*f + 4*f + 180, 4*g + 3*f - 172 = 0. What is the tens digit of g?
4
Suppose 5*a - 5 - 15 = 0. Let b be a/18 - (-86)/18. Suppose 0 = -b*q + x + 3*x + 37, 5*q - x - 43 = 0. What is the units digit of q?
9
Let a(m) be the second derivative of 7*m**3/3 + 2*m**2 - 2*m. Let f be a(4). Suppose 0*d - 5*d = -f. What is the tens digit of d?
1
Let c be 1 + -9 + 4 + -4. Let o = 25 + c. What is the units digit of o?
7
Let a = 89 + -10. What is the units digit of a?
9
What is the units digit of (2/(-2))/(3/(-21))?
7
Let h(k) = k**2 + 7*k + 1. Let r be h(-7). Let b(g) be the third derivative of g**6/40 - g**5/60 + g**4/24 + g**2. What is the units digit of b(r)?
3
Suppose 4*j + 5*x = 1 + 5, -j = x - 1. Let i(p) = -p**3 + 5*p**2 - 5*p + 4. Let q(a) = -a. Let v(f) = j*i(f) - 2*q(f). What is the units digit of v(4)?
8
Let h(g) = -g**3 - g**2 + g - 2. Suppose -10 = 2*d + 3*d - 5*j, 5*j = 2*d + 10. Let p be h(d). What is the units digit of 9/(-6)*p - 2?
1
Let c(t) = t**2 - 3*t + 1. Let p = 23 + -17. What is the tens digit of c(p)?
1
Suppose -f = -6*f + v + 52, -2 = v. What is the units digit of f?
0
Let t be (-87)/3 - (-3 + 6). Let i = 46 + t. What is the units digit of i?
4
Let k(l) = 3*l**2 + 4*l + 2. Let m be k(-2). Suppose -13*d + 10*d + m = 0. What is the units digit of d?
2
Let g = -9 - -24. What is the tens digit of g?
1
Let f = 37 + 17. Suppose -i - i - f = 0. What is the tens digit of (-411)/(-27) - (-6)/i?
1
Let r be (-4)/10 - (-78)/(-5). Let y = r - -31. What is the units digit of y?
5
Let m(d) = d**2 + 3*d - 4. Let x be m(-4). Suppose x = -3*n + n + 12. What is the units digit of n?
6
Suppose -184 = -0*v - 4*v. What is the tens digit of v?
4
Let f = 45 + 24. Suppose -3*s + 3*h + 126 = 0, -4*s = 3*h - 106 - f. What is the tens digit of s?
4
Let a be (-74)/6 + 4/12. Let b be -2*15/a*2. Suppose 10 = b*k - 25. What is the units digit of k?
7
Suppose 0 = 2*c - 50 + 12. What is the tens digit of c?
1
Let o(j) = -2*j + 12 - 10*j**2 + 14*j - 6*j + j**3. Let h be o(9). Let c = h - -25. What is the tens digit of c?
1
Suppose 4*d = -d - 5*v, 3 = 3*v. What is the units digit of 1 + -1 + d + 19?
8
Let f(a) be the second derivative of a**5/20 - 7*a**4/12 + a**3/6 + a**2 - 2*a. What is the units digit of f(7)?
9
Let b(l) = 2*l**2 - 14*l + 9. Let q be b(9). Let n = 27 - q. Let z = n - -30. What is the units digit of z?
2
Let v be (-1)/3*(-7 - 5). Let x be 32/(-6) - v/(-12). Let d(j) = -j**2 - 6*j. What is the units digit of d(x)?
5
Let w = 28 + -21. What is the units digit of w?
7
Suppose -3 = 4*v + 1. Let d be (-81)/3 - (v - -1). Let f = -10 - d. What is the tens digit of f?
1
What is the tens digit of 8*-1*10/(-8)?
1
Let o = 41 + -25. Let u = 44 - o. What is the units digit of u?
8
Suppose -2*q + 24 = 4*a + q, -31 = -3*a + q. Let z be 26/10 - a/15. Suppose -2*n = 2, z*u - 15 = u - 3*n. What is the tens digit of u?
1
Let b(a) = -a + 5. Let w be b(5). Let z be (0 - w)/(-3) - 7. Let o = z - -12. What is the units digit of o?
5
Let m be 23 - (3 - 0 - 6). Suppose 2*w + 2*o - 6 + m = 0, -w = -o + 18. Let l = 21 + w. What is the units digit of l?
7
Suppose 0 = 3*m + 12, m - 2*m + 61 = l. What is the tens digit of l?
6
Let f(s) be the first derivative of 1 + 3/2*s**2 - 4/3*s**3 + 1/4*s**4 + 3*s. What is the units digit of f(3)?
3
Let z(f) be the second derivative of -f**5/20 - 2*f**4/3 - 3*f**3/2 - 4*f**2 + 2*f. What is the units digit of z(-7)?
6
Let n(y) = y + 11. Let q = -15 + 5. What is the units digit of n(q)?
1
Suppose z - 138 = -14. What is the units digit of z?
4
Let d(t) = 3*t**2 - 3*t + 1. Let f be d(2). Suppose -5*x - r = -100, -f*r = -3*r. What is the tens digit of x?
2
Suppose 0 = -2*r + 6*r - 4*k - 24, -4*r + 24 = -2*k. Suppose 2*o = 4*z + r*o + 16, 0 = -2*z + 5*o - 1. Let w = 1 - z. What is the units digit of w?
4
Let p = -16 + 40. Suppose 5*o = 66 + 149. Let k = o - p. What is the units digit of k?
9
Let x(t) = t**2 - 12*t - 6. Let c be x(13). Let u(w) = -w**3 + 7*w**2 + w - 5. What is the units digit of u(c)?
2
Suppose 0 = -4*b - q + 21, 3*b - 3*q + 0*q = -3. Suppose b*u - 42 = 2*u. Let w = -14 + u. What is the units digit of w?
7
Let h(w) = w**3 - 8*w**2 + 8*w - 3. Let u be h(7). Suppose -3*s + u*s + 3 = 0. Let i = s + 4. What is the units digit of i?
1
Let s(q) = -4*q + 4. Let w be s(-4). Suppose -4*f - w = -9*f. What is the units digit of f?
4
Let s(r) = 3*r - 10. Let i(z) = z**3 - z**2 + z - 2. Let t be i(2)